its digit of d?
0
Let a(k) = k**2. Let d(t) = 7*t**2 - 3*t + 4. Let v(j) = -5*a(j) + d(j). Suppose 0 = -2*m - m + 9. What is the units digit of v(m)?
3
Let z(a) = a + 19. Let g be z(-23). What is the tens digit of 160 - 2/(g/6)?
6
Let g(x) = -x**2 + 7*x - 45. Let y be g(24). Let p = y + 640. What is the units digit of p?
7
Let p(n) = -11*n**2 - 12*n + 2. Let k(m) = -7*m**2 - 8*m + 1. Let i(j) = 8*k(j) - 5*p(j). What is the units digit of i(-3)?
1
Suppose 13*n + 0*n = 26858. What is the hundreds digit of n?
0
Suppose 5*x = 6*x - 1. Let m be ((-1136)/(-48))/(x/3). Let d = -38 + m. What is the tens digit of d?
3
Suppose -30 = j - 230. What is the units digit of j?
0
Let y(c) = 11*c - 4. Let w(z) = -z + 20. Let p be w(0). Let f be p/9 - (-2)/(-9). What is the tens digit of y(f)?
1
Let i = -59 - -100. Suppose o + 4*x + i = 2*o, 2*o - x = 110. What is the tens digit of o?
5
Let l = -80 + 80. What is the tens digit of ((-920)/(20/4))/(-2 - l)?
9
Let q(u) = -u**2 - 19*u. Let g be q(0). Let x(w) = -w - 29. Let f(p) = -p - 30. Let j(l) = 5*f(l) - 6*x(l). What is the units digit of j(g)?
4
Let k(p) = 2*p**3 - 13*p**2 + 50*p - 9. Let x be k(3). Suppose 2*b - 111 = 171. Suppose 0 = -3*s + x + b. What is the tens digit of s?
7
Let c(x) = -5*x**2 + 17*x + 6. Let g(u) = -4*u**2 + 16*u + 7. Let b(q) = -5*c(q) + 6*g(q). Let l be b(-8). What is the tens digit of 2 + 1 - (l + 0)?
1
Let o = 46 + 59. What is the hundreds digit of o?
1
Let m = 906 + 628. What is the hundreds digit of m?
5
Suppose 10*o + 3 = 103. What is the tens digit of 2140/8*(8/o + 0)?
1
Suppose 2*b = -2*j - 28, -42 - 42 = 5*b - 2*j. What is the tens digit of b/(-120) + (-476)/(-30)?
1
Suppose -5*x + 40 = 5*t, 7*x = 3*x + 2*t + 26. Let z(r) = r**2 - 4*r - 19. Let m be z(x). Suppose -24 = -2*a - m*a. What is the units digit of a?
6
Let u = 506 + 1047. What is the thousands digit of u?
1
Let v(u) = u**3 - 50*u + 10. What is the thousands digit of v(13)?
1
Let u = 747 + -381. Let c = 523 - u. What is the units digit of c?
7
Suppose -l = 1 - 6. Suppose -l*g + 102 = -348. What is the tens digit of g?
9
Let k be (3/(-4)*-122)/(27/162). Suppose -4*y + k = -451. What is the hundreds digit of y?
2
Let t = -406 - -767. Suppose -x = -2*r - 150, -x + 141 = 3*r + t. What is the tens digit of (2 - r - 4) + 2?
7
Let b(t) = t**2 + 4*t - 20. Let o be b(-6). Let j(p) = p**2 + p + 1. What is the units digit of j(o)?
7
Let d be (13/9*6)/((-4)/30). Let z = d + 133. What is the units digit of z?
8
Let b(x) = x**2 - 3*x + 3. Let d be b(3). Suppose -d*l + 2*l = -29. Let i = -9 + l. What is the tens digit of i?
2
Suppose 3*s - 8 - 7 = 0. Suppose -2*a - w + 96 = 0, 5*a + s*w - 245 = -0*a. Suppose 4*f - 49 = a. What is the units digit of f?
4
Let v(g) be the first derivative of -g**4/4 + 2*g**2 - 4*g - 2. Let h be v(-4). Suppose -z - z = -h. What is the units digit of z?
2
Let o = -10 - -13. Let u = -3 + o. Suppose c - 3 = -u. What is the units digit of c?
3
Let g(x) = 77*x + 229. What is the tens digit of g(15)?
8
Let b(m) = -8 - 2 - 5 + m**2 - 5*m + 2. What is the units digit of b(-4)?
3
Let t = 168 - 92. Let c = t - 46. What is the units digit of c?
0
Let o(b) = b**2 - 8*b + 15. Let f be o(5). Suppose 4*t + 3*j + 4 = f, 26 = t + 4*t - 4*j. What is the units digit of t?
2
What is the tens digit of 6/((-18)/(-263))*(3 - 0)?
6
Let p be 31/11 + (-2)/(-11). Suppose p*c + 5*c - 64 = 0. Let v = -4 + c. What is the units digit of v?
4
Let t(i) = -555*i + 398. What is the thousands digit of t(-4)?
2
Suppose s + 0*s - 444 = 2*z, 0 = -s + 3*z + 447. What is the tens digit of s?
3
Suppose 0 = 6*j - 249 + 63. Suppose j = 2*p - 59. Let u = 93 - p. What is the tens digit of u?
4
Let n = -21 - -26. Suppose n*h + 14 - 9 = 0. What is the units digit of (-61)/(-2)*(h + 3)?
1
Let v(h) = -3*h**2 - 83*h + 1. What is the tens digit of v(-19)?
9
Suppose 0 = 10*y - 3547 - 533. What is the hundreds digit of y?
4
Let s be (3/2)/(-1 - (-439)/438). Suppose 107 = -5*r + s. What is the hundreds digit of r?
1
Suppose 0 = -21*u + 24*u - 3459. What is the units digit of u?
3
Let v(l) = l**2 + 8*l - 68. Let n be v(0). Let u = n - -284. What is the units digit of u?
6
Let f(a) = 20*a + 4. Let t be f(3). Suppose 3 = 2*u - u + 2*p, -2*u + 12 = -2*p. Suppose -u*o - t = -189. What is the tens digit of o?
2
Let h = 240 + -88. Suppose 0 = -5*v + v - 5*l - h, -v + 5*l - 38 = 0. Let a = v - -63. What is the units digit of a?
5
Let t(c) be the third derivative of c**5/60 - 3*c**4/4 - 5*c**3/3 + 26*c**2. What is the units digit of t(-6)?
4
Suppose 0 = 2*g - 4. Suppose g*j + 2*j = 20. Suppose -d - 3*v + 14 = -1, -5*v + 75 = j*d. What is the tens digit of d?
1
Suppose -v - 15 = -45. What is the units digit of v?
0
Suppose -d = -2*x - 130 - 105, 0 = -2*x. Suppose -3*c = -h + c + d, -4*h - 2*c + 976 = 0. What is the hundreds digit of h?
2
Suppose 3*k - 1979 = 2*z, -k = 5*z - 0*z - 637. What is the units digit of k?
7
What is the thousands digit of 2990 - (7 + (-35)/7)?
2
Let t = -155 + 274. Let z = t + 31. What is the tens digit of z?
5
Suppose -5*l + 3192 = l. What is the hundreds digit of l?
5
Let r = -256 + 505. What is the tens digit of r?
4
Let x be (-2)/(-4)*(6 + 0). What is the hundreds digit of 2/((1/148)/(-2 + x))?
2
Let g(z) = 123*z**2 - 29*z + 7. What is the units digit of g(3)?
7
Suppose 0 = -0*r + 5*r - t - 474, -5*r = 4*t - 479. What is the units digit of r?
5
Suppose 0 = -5*n - 892 + 2372. What is the hundreds digit of n?
2
Suppose 5*t - 2*f = 113, t - 2*f - 92 = -3*t. What is the units digit of 4/(-18)*-111 + (-14)/t?
4
Suppose 6 = -l + 4*o + o, -4*o + 16 = 2*l. Suppose 5*s + 12 = y + 27, 2*s + l*y = 28. Suppose u + s*u - 50 = 0. What is the units digit of u?
0
Let u(w) = 3*w + 3. Let o(m) = m**3 - 12*m**2 - 13*m + 18. Let b be o(13). Suppose t - 4*t = -b. What is the tens digit of u(t)?
2
Suppose 4*v - 32 = -0*v. Suppose -3*c = -10 - v. Let z(w) = 2*w**2 - 7*w. What is the tens digit of z(c)?
3
Let d(l) = l**3 - 6*l**2 - 22*l - 21. What is the tens digit of d(10)?
5
Let c(s) = -s + 7. Let n be c(7). Let g = 65 - -29. Suppose n = -4*f + f + d + g, -3*f + 78 = 3*d. What is the tens digit of f?
3
Suppose -5*x + 22 = a, -x = 5*a - 9 - 5. Suppose 4*l - 5*d - 488 = a*l, -d = 4*l - 954. What is the tens digit of l?
3
Let w(n) = 8*n**2 + 24*n + 148. What is the tens digit of w(-19)?
8
Suppose -1 + 9 = 4*x - 4*k, 3*k = -5*x + 10. Suppose 3*i + 4 = s - 3, -5*s - 16 = x*i. What is the units digit of ((-20)/(-12) - s)*9?
3
Suppose -20 = -5*h - 0. Suppose t = -2*r + h*t + 42, -42 = -2*r + t. What is the units digit of r?
1
Let m = 783 - 455. What is the hundreds digit of m?
3
What is the tens digit of -8 + 12792/8 + -9?
8
Suppose 2*q + 2*q - 3*t + 244 = 0, -3*q - 154 = 5*t. Let n = q - -156. What is the units digit of n?
8
Let g(c) = c**3 - 6*c**2 + 6*c + 5. Suppose -2*z + 6*y = y - 12, 0 = -4*y. Let f be g(z). Suppose f = 2*s - s. What is the units digit of s?
1
Let y(x) = 3*x**2 - 60*x + 78. What is the tens digit of y(43)?
4
Let g(i) = 38*i**2 + 5. Let l be (-4 + 0 + 2)/1. What is the tens digit of g(l)?
5
Let j(g) = -g**3 - 11*g**2 + 28*g + 16. Let c be j(-13). Suppose 2*u + 36 = f, -3*u - 43 = -f + 9. Let z = c - u. What is the units digit of z?
6
Suppose 22*i = 11*i + 7392. What is the hundreds digit of i?
6
Suppose -5*z - 5*u + 133 = -297, 423 = 5*z - 2*u. Let d(k) = 11*k. Let r be d(-4). Let g = r + z. What is the units digit of g?
1
Let k(t) = 5*t**2 - 2*t - 65. What is the hundreds digit of k(9)?
3
Suppose 16 = -5*v + 3*v + 4*r, -17 = 4*v - 3*r. Let d be 90/v*6/9. Let l = 51 + d. What is the tens digit of l?
2
Let n(y) = 39*y + 90. What is the units digit of n(35)?
5
Let n(r) = -20*r + 27*r - 19*r**3 - 2*r**2 - 8*r. Suppose 0 = -0*i - 3*i - 3. What is the units digit of n(i)?
8
Let i(g) = 166*g**2 - 17*g - 5. What is the thousands digit of i(4)?
2
Let l be 111 - (-2 - 2 - -2). Suppose 4*w = -m + 61, 0 = 2*m + w + 4*w - l. What is the units digit of m?
9
Let m(p) = 3*p**3 - 2*p + 2. Let g be m(1). Suppose 4*z - 419 = -5*j, j + j = g*z - 320. What is the hundreds digit of z?
1
Let k(c) = 8*c**2 + 0*c**2 - 2 + 3*c + 9 + c. What is the units digit of k(-5)?
7
Suppose 2*m + 104 = -6*r + 8*r, 2*r + 4*m - 110 = 0. Let o = -14 + r. What is the tens digit of 